 (base 14) to base 10
1
What is -10a (base 13) in base 2?
-10110011
Convert 101101 (base 2) to base 9.
50
14 (base 6) to base 10
10
What is -112021 (base 3) in base 4?
-12001
What is 34 (base 10) in base 9?
37
Convert -80 (base 10) to base 7.
-143
Convert -12 (base 4) to base 10.
-6
-1001 (base 2) to base 10
-9
What is -101 (base 4) in base 14?
-13
Convert -90 (base 14) to base 13.
-99
Convert 2 (base 6) to base 15.
2
Convert 103 (base 6) to base 9.
43
What is 1a (base 16) in base 8?
32
-3 (base 5) to base 13
-3
b (base 13) to base 15
b
-3 (base 14) to base 3
-10
Convert 212 (base 4) to base 6.
102
-64 (base 8) to base 7
-103
What is -1 (base 3) in base 2?
-1
Convert 231 (base 5) to base 16.
42
Convert -9 (base 14) to base 8.
-11
Convert 6 (base 8) to base 10.
6
Convert 0 (base 16) to base 4.
0
Convert -32 (base 10) to base 13.
-26
What is 3 (base 9) in base 11?
3
-11012 (base 3) to base 2
-1110001
Convert 24 (base 8) to base 16.
14
Convert -4 (base 10) to base 13.
-4
-85 (base 15) to base 2
-1111101
What is -222 (base 4) in base 6?
-110
What is 58 (base 9) in base 4?
311
-2 (base 4) to base 13
-2
Convert 3 (base 4) to base 10.
3
-424 (base 5) to base 11
-a4
-11000 (base 2) to base 14
-1a
1001 (base 2) to base 5
14
2 (base 7) to base 6
2
12 (base 6) to base 8
10
What is -1 (base 8) in base 6?
-1
Convert -116 (base 9) to base 10.
-96
Convert -8 (base 16) to base 11.
-8
What is 3 (base 6) in base 12?
3
-4 (base 7) to base 6
-4
Convert -70 (base 14) to base 16.
-62
What is 14 (base 15) in base 12?
17
Convert -12 (base 5) to base 9.
-7
Convert -1 (base 16) to base 13.
-1
Convert -4 (base 8) to base 4.
-10
Convert -7 (base 12) to base 14.
-7
-3 (base 8) to base 14
-3
Convert 28 (base 9) to base 7.
35
What is 12 (base 8) in base 7?
13
-6 (base 15) to base 8
-6
What is 391 (base 10) in base 11?
326
Convert 1230 (base 4) to base 6.
300
What is -10100 (base 2) in base 8?
-24
Convert 4 (base 14) to base 5.
4
What is -6 (base 8) in base 4?
-12
-4 (base 10) to base 11
-4
Convert 4 (base 10) to base 3.
11
What is 49 (base 14) in base 12?
55
Convert -13 (base 4) to base 3.
-21
What is 4 (base 9) in base 13?
4
Convert -98 (base 16) to base 4.
-2120
Convert 1000 (base 2) to base 16.
8
Convert 3 (base 8) to base 11.
3
What is -6 (base 16) in base 8?
-6
What is 3 (base 4) in base 14?
3
-1 (base 9) to base 14
-1
3b (base 12) to base 14
35
Convert 0 (base 8) to base 11.
0
-6 (base 10) to base 13
-6
44 (base 15) to base 16
40
What is -3 (base 15) in base 16?
-3
What is 0 (base 7) in base 2?
0
What is -2 (base 7) in base 6?
-2
Convert 5b (base 15) to base 12.
72
What is 11 (base 2) in base 15?
3
Convert 1 (base 16) to base 14.
1
11 (base 2) to base 15
3
What is -110111 (base 2) in base 8?
-67
22 (base 5) to base 16
c
Convert 99 (base 10) to base 5.
344
Convert 3 (base 5) to base 12.
3
-1211 (base 3) to base 16
-31
Convert -1 (base 2) to base 13.
-1
a2 (base 16) to base 14
b8
9 (base 16) to base 3
100
What is -6 (base 7) in base 8?
-6
Convert -88 (base 10) to base 12.
-74
Convert 121 (base 3) to base 11.
15
-41 (base 7) to base 3
-1002
Convert 200 (base 3) to base 12.
16
What is c (base 13) in base 14?
c
Convert -470 (base 8) to base 3.
-102120
100 (base 2) to base 14
4
2330 (base 4) to base 3
20222
What is 4 (base 16) in base 3?
11
What is -1002 (base 5) in base 15?
-87
57 (base 9) to base 14
3a
What is -82 (base 11) in base 13?
-6c
What is 10 (base 12) in base 5?
22
-16 (base 16) to base 14
-18
What is -2022 (base 3) in base 16?
-3e
What is 21112 (base 3) in base 9?
245
What is 254 (base 6) in base 7?
211
2 (base 13) to base 14
2
What is -7a (base 14) in base 8?
-154
78 (base 11) to base 2
1010101
177 (base 9) to base 5
1101
291 (base 10) to base 12
203
What is 35 (base 13) in base 14?
32
Convert -3 (base 5) to base 11.
-3
1010111 (base 2) to base 7
153
0 (base 4) to base 11
0
Convert 1 (base 10) to base 12.
1
Convert 330 (base 5) to base 3.
10100
0 (base 6) to base 16
0
What is -1110 (base 2) in base 7?
-20
Convert 17 (base 12) to base 14.
15
Convert 0 (base 15) to base 9.
0
-10 (base 4) to base 10
-4
What is -29 (base 15) in base 7?
-54
Convert -111010 (base 2) to base 14.
-42
-25 (base 14) to base 5
-113
What is -b7 (base 15) in base 6?
-444
Convert 35 (base 9) to base 15.
22
What is -1001110 (base 2) in base 11?
-71
Convert -1000 (base 2) to base 10.
-8
-12 (base 9) to base 2
-1011
7 (base 9) to base 3
21
30 (base 8) to base 16
18
What is -10000001 (base 2) in base 3?
-11210
54 (base 13) to base 12
59
-11 (base 9) to base 2
-1010
Convert c (base 14) to base 9.
13
What is 110000 (base 2) in base 10?
48
What is 2 (base 11) in base 4?
2
-10000 (base 2) to base 9
-17
Convert -102211 (base 3) to base 8.
-477
-42 (base 10) to base 6
-110
-1 (base 10) to base 7
-1
Convert -1 (base 13) to base 9.
-1
What is -15 (base 8) in base 4?
-31
-7 (base 13) to base 16
-7
87 (base 16) to base 6
343
What is -1050 (base 6) in base 15?
-116
What is -11 (base 2) in base 5?
-3
What is 7 (base 12) in base 4?
13
9 (base 16) to base 7
12
132 (base 6) to base 5
211
Convert 10000 (base 3) to base 9.
100
2 (base 5) to base 12
2
Convert 1 (base 6) to base 14.
1
13 (base 6) to base 12
9
What is 33 (base 11) in base 5?
121
Convert 5 (base 14) to base 2.
101
What is 2c (base 14) in base 4?
220
Convert 11001 (base 2) to base 4.
121
What is -44 (base 5) in base 6?
-40
-15 (base 6) to base 14
-b
0 (base 7) to base 12
0
Convert 4 (base 14) to base 12.
4
2 (base 13) to base 10
2
-12 (base 7) to base 13
-9
-1 (base 2) to base 9
-1
110 (base 14) to base 9
253
-ea (base 15) to base 16
-dc
What is -137 (base 8) in base 11?
-87
What is -3 (base 14) in base 7?
-3
Convert 0 (base 11) to base 2.
0
2 (base 8) to base 15
2
Convert 100000 (base 2) to base 10.
32
3 (base 4) to base 6
3
Convert -73 (base 9) to base 16.
-42
-2 (base 11) to base 5
-2
Convert -2 (base 12) to base 13.
-2
What is 47 (base 16) in base 13?
56
What is -5 (base 8) in base 15?
-5
Convert 1 (base 2) to base 12.
1
-22 (base 4) to base 11
-a
Convert -23 (base 9) to base 6.
-33
What is -3 (base 10) in base 11?
-3
Convert -9 (base 16) to base 15.
-9
What is -2d (base 14) in base 5?
-131
125 (base 6) to base 2
110101
111 (base 3) to base 5
23
Convert 11 (base 3) to base 15.
4
Convert -10 (base 5) to base 6.
-5
What is -121 (base 3) in base 13?
-13
Convert -1b (base 12) to base 7.
-32
Convert 4 (base 16) to base 2.
100
Convert -7 (base 15) to base 13.
-7
Convert -2 (base 6) to base 15.
-2
7 (base 12) to base 4
13
-7 (base 12) to base 4
-13
Convert 14 (base 14) to base 12.
16
What is -52 (base 13) in base 7?
-124
What is -53 (base 7) in base 16?
-26
Convert -2b (base 15) to base 2.
-101001
6 (base 12) to base 9
6
What is -10 (base 6) in base 8?
-6
What is -10 (base 4) in base 14?
-4
Convert -46 (base 11) to base 7.
-101
-55 (base 12) to base 14
-49
Convert 11 (base 3) to base 7.
4
Convert -20 (base 8) to base 6.
-24
What is 12 (base 4) in base 15?
6
Convert 100 (base 3) to base 7.
12
What is 0 (base 10) in base 4?
0
4 (base 14) to base 13
4
What is -1 (base 16) in base 9?
-1
4 (base 12) to base 13
4
Convert -5 (base 6) to base 15.
-5
Convert -2 (base 9) to base 4.
-2
Convert 4 (base 8) to base 5.
4
310 (base 6) to base 13
8a
Convert -13 (base 11) to base 5.
-24
What is -6 (base 13) in base 3?
-20
What is -3 (base 10) in base 8?
-3
Convert -26 (base 11) to base 12.
-24
What is -12 (base 9) in base 7?
-14
-195 (base 11) to base 13
-144
Convert -2 (base 5) to base 9.
-2
Convert 33 (base 10) to base 6.
53
What is -120 (base 10) in base 16?
-78
What is 2 (base 5) in base 15?
2
Convert -3 (base 15) to base 16.
-3
Convert -2b (base 15) to base 8.
-51
What is 76 (base 10) in base 8?
114
10123 (base 4) to base 14
163
1 (base 12) to base 15
1
Convert -23 (base 6) to base 8.
-17
Convert -4 (base 6) to base 7.
-4
-a (base 16) to base 11
-a
What is 101 (base 2) in base 3?
12
-7 (base 12) to base 2
-111
-1 (base 7) to base 8
-1
-111 (base 2) to base 7
-10
What is 3 (base 11) in base 5?
3
1111111 (base 2) to base 14
91
22 (base 4) to base 13
a
What is 1120 (base 3) in base 9?
46
81 (base 9) to base 6
201
Convert 11110 (base 2) to base 11.
28
What is 1 (base 3) in base 13?
1
Convert -10000 (base 2) to base 6.
-24
What is 1 (base 7) in base 9?
1
Convert 18 